the highest common divisor of 11 and z?
11
Suppose 288 = 2*b + 4*k, 5*b + 5*k + 63 = 783. Calculate the greatest common divisor of b and 648.
72
Let j(b) = -13*b - 160. Let g be j(-13). What is the greatest common divisor of g and 33?
3
Let q(u) = 248*u**2 - 3*u + 4. Let y be q(2). What is the highest common factor of 270 and y?
90
Suppose 898 - 842 = 2*q. What is the highest common factor of q and 8?
4
Let s = 19 + -4. Let f be (-6)/(-21) + (-12)/(-7). Suppose k + k = 4*b - 62, 0 = -f*b - 5*k + 25. Calculate the highest common divisor of b and s.
15
Let f = 809 + -787. Calculate the highest common divisor of 44 and f.
22
Let j(g) = 1078*g - 50. Let k be j(2). What is the greatest common divisor of k and 78?
78
Suppose 5*y - 294 = 3*v + 175, -3*y = -v - 279. Calculate the greatest common divisor of y and 23.
23
Suppose -4*r + 13 + 23 = 0. Suppose p - 4 = -0*p. Let y be (p/(-3))/((-2)/r). What is the greatest common divisor of y and 48?
6
Let y(p) = 102*p**3 - p**2 - 3*p + 2. Let g be y(1). Let u = 2 + 3. Suppose 100 = u*f - 0*f. Calculate the highest common divisor of f and g.
20
Suppose 8872 = 6*h + 820. What is the highest common factor of h and 22?
22
Let l(j) = j**2 - 2*j - 1. Let m be l(4). Let r = -20 - -22. Suppose 3*g - 88 = -4*h + 80, -r*h = g - 56. What is the highest common divisor of m and g?
7
Let w(c) = -c**3 - 2*c**2. Let p be w(-2). Suppose p = -4*t - a - a + 120, 30 = t + 5*a. Calculate the highest common divisor of t and 15.
15
Let i be (4/(-6))/((-1)/12). Let u be ((-3 - -5) + -8)*-2. Calculate the greatest common divisor of u and i.
4
Let v(q) be the third derivative of 5*q**4/24 + q**3 - 18*q**2. Let r be v(0). Calculate the highest common divisor of 6 and r.
6
Let s(x) = -x**2 - 8*x + 4. Let y be s(-8). Suppose 0 = t - 3 + 4, -b - y*t = -136. What is the highest common factor of 28 and b?
28
Let b = 10 - 8. Suppose 0*u + b*u = 12. What is the highest common factor of 66 and u?
6
Suppose 0 = -4*t + 2*t - 2*h - 36, 60 = -4*t - h. Let q be (1 - -5)*(-63)/t. Let x = -2 + q. Calculate the highest common factor of x and 275.
25
Let n(d) = d**2 + 7*d - 5. Let g be n(-8). Let j(f) = -2 + g - 21*f + 16*f - 3. Let c be j(-5). What is the greatest common divisor of c and 115?
23
Let y = 172 + -171. Let p be 6327/54 + y/(-6). Calculate the greatest common divisor of 9 and p.
9
Let u(x) = 2*x - 9. Let n = -4 - -19. Let q be u(n). Calculate the greatest common divisor of q and 105.
21
Suppose 2*o - 3*q - 9 = 0, 0*q + 9 = 3*q. Suppose o*p - 875 = 4*p. Let k(a) = a**2 + a - 17. Let f be k(-7). Calculate the greatest common divisor of p and f.
25
Suppose -5 = -u + 3*q + 28, -99 = -3*u - 5*q. Calculate the highest common divisor of 231 and u.
33
Suppose -172 = -4*c + 20. Suppose -4*q - 14 = -2*s, 4*s - 3*q - 28 = -6*q. Let g(f) = 12*f - 78. Let b be g(s). What is the highest common factor of c and b?
6
Let c(w) = 2*w**2 - 2*w - 2. Let p be c(2). Suppose 16*u = 13*u + 66. Suppose -10*n = -11*n + u. What is the greatest common divisor of n and p?
2
Suppose -14*i + 120 = -10*i. Calculate the highest common factor of i and 130.
10
Let v(f) = -f**3 - 8*f**2 - 9*f + 3. Let y be (7/(-2))/(3/6). Let l be v(y). Suppose 43 = d - l. Calculate the highest common factor of 20 and d.
20
Let i(g) = 2*g + 20. Let t be i(-9). Let x be (-222)/(-12) - 3 - (-1)/t. Calculate the greatest common divisor of x and 40.
8
Let w be -6*(6/(-4) - -1). Suppose 5*g - n = 2*n - 102, -w*g = 2*n + 65. Let m = 35 + g. Calculate the highest common factor of m and 7.
7
Let z be (-7)/(-2)*5/(-70)*-8. Calculate the greatest common divisor of 5 and z.
1
Let g(f) = -23*f + 1. Suppose 3*c - 3 = -12. Let a be g(c). Let i be (-8 + (-510)/(-20))*16/10. What is the greatest common factor of a and i?
14
Let q be 6 - (-1)/((-4)/8). Suppose -5*a - 2*p - 11 = -67, 0 = a - 3*p - 1. What is the highest common factor of q and a?
2
Let z be (-8 - (-300)/45)/(8/(-54)). Let q = -88 - -169. Calculate the greatest common factor of z and q.
9
Suppose -20 = -5*a, 0 = -q - 0*q - 2*a + 19. Let m(o) = -96*o + 406. Let z be m(4). What is the greatest common factor of q and z?
11
Let c(j) = 3*j + 602. Let f be c(0). Suppose -4*g + f - 154 = 0. What is the highest common divisor of g and 14?
14
Let f(v) = v**2 - 8*v + 5. Let p be f(4). Let b be p/(-4) - (-7)/28. Suppose -k = 4, b*k + 37 = 4*n - 71. What is the greatest common factor of 16 and n?
8
Suppose 5*s = 2*s + 5*d + 50, 0 = -4*s - 2*d + 84. Let g be (-1964)/(-14) - (-82)/(-287). Calculate the highest common factor of g and s.
20
Let j be (39 - 41)*(-62)/4. Calculate the greatest common factor of j and 8.
1
Let j = 109 - 67. Let l(q) = 2*q**2 - 2*q + 4. Let n be l(-3). Calculate the greatest common factor of j and n.
14
Suppose -5*n = -8*n - 3*x + 4425, 0 = -n + 5*x + 1457. Calculate the highest common factor of n and 23.
23
Suppose -2*c + z = -5*c - 774, 3*z + 1027 = -4*c. Let j be 6/9 + c/(-21). Calculate the highest common divisor of j and 13.
13
Let s = 138 + -44. Let h = s + 41. Calculate the greatest common factor of h and 15.
15
Suppose 0 = 3*z - 16 + 4. Suppose -151 - 89 = -z*u. Let w = 108 - u. Calculate the greatest common factor of 6 and w.
6
Let a be ((-12)/(-15))/(-2)*-10. Suppose 0 = -4*s + 374 + 246. Suppose -5*w = -5*t + s, -12 = -3*t + 4*w + 84. Calculate the highest common divisor of a and t.
4
Suppose 623*y - 629*y = -360. Calculate the highest common factor of y and 180.
60
Suppose -2*i - 4*o = -34, -2*o + 4*o + 13 = i. Let x be 10/(-8)*312/(-65). Calculate the highest common factor of i and x.
3
Suppose -91 = -5*a + 4*i + 144, -a + 38 = i. What is the greatest common factor of a and 301?
43
Let s = 15 - -203. Let m = -43 + s. Let u(c) = -c**2 - 10*c + 9. Let a be u(-8). Calculate the highest common factor of m and a.
25
Let s(y) = y**2 - y - 21. Let j be s(-7). What is the highest common factor of j and 5?
5
Let g = -34 + 41. Suppose j = -0*j + 7. Calculate the greatest common factor of g and j.
7
Suppose p + 4*r = 4*p - 990, -p + 330 = 5*r. Let u be 40*(2/11 + 864/p). What is the highest common factor of u and 14?
14
Let j be (-6)/(-27) - 534/(-27). Let l be -2*(-2)/4 - -6. Suppose l + j = 3*y. What is the highest common factor of y and 6?
3
Let q = 100 + 189. Let f(o) = -o**3 + 6*o**2 - 8*o + 17. Let d be f(4). What is the highest common factor of q and d?
17
Suppose -329*l + 327*l + 100 = 2*x, 0 = 5*l - 5*x - 230. What is the greatest common divisor of 252 and l?
12
Let s be (-6)/((-10)/(6 - -4)). Let t = 13 - 5. Suppose -d - t = -3*d. Calculate the greatest common divisor of d and s.
2
Suppose 3*n - 49 = -d, -43 = -3*d + d + 5*n. Let y = d + 134. What is the greatest common divisor of 21 and y?
21
Suppose -1218 = -2*v + 2*m, -2211 = -5*v - m + 840. Let s = -324 + v. Let u be (-618)/(-24) + (-1)/(-4). Calculate the highest common factor of s and u.
26
Let n(g) = 8*g - 8. Let s be n(12). Calculate the greatest common divisor of s and 55.
11
Let h be ((-3)/((-18)/16))/((-24)/(-36)). Suppose 176 = 3*x - 4*p - 16, -h*p = -2*x + 128. What is the highest common factor of 4 and x?
4
Let s = 1111 + -1106. Let z(w) = -w**3 + w**2 + 5. Let n be z(0). What is the highest common factor of n and s?
5
Let o = 28 - 26. Let z(n) = 2*n**3 - 3*n**2 + 3*n - 1. Let k be z(o). Suppose 113 = 3*b - 103. Calculate the highest common divisor of b and k.
9
Let q(l) = 4*l**2 - 2*l**2 + 623 - 2*l - 638. Let s be q(-5). What is the greatest common factor of s and 5?
5
Let b = 135 - 91. Suppose -3*k + 148 = -b. What is the highest common factor of 8 and k?
8
Let p be 72618/39 - (2 + 0). Calculate the highest common divisor of 12 and p.
12
Suppose 5*g = 3*l + 29, -2*l - 21 = l - 3*g. Suppose 6*m + 81 = -3. Let p be (l - m/(-8))*-4. Calculate the greatest common divisor of 95 and p.
19
Let q(j) = 41*j**2 + j - 2. Let g be q(-1). Let o(z) = -30*z - 3. Let y be o(5). Let w = y - -248. What is the highest common divisor of w and g?
19
Suppose x + f - 55 = -4*x, 0 = -2*x - 3*f + 22. Suppose 5*z - 565 + 125 = 0. What is the highest common factor of x and z?
11
Let j(u) = u - 16*u - u**3 + 8*u**2 + 5*u**2 - 16. Let g be j(11). Suppose -q + 2*c + g = 18, -5*c - 125 = -3*q. What is the greatest common divisor of 5 and q?
5
Suppose -52*t + 506 = 90. Suppose 0*